{"id":47,"date":"2026-01-28T13:05:45","date_gmt":"2026-01-28T13:05:45","guid":{"rendered":"https:\/\/hauleflower.io.vn\/?page_id=47"},"modified":"2026-03-04T14:06:55","modified_gmt":"2026-03-04T14:06:55","slug":"gioi-thieu","status":"publish","type":"page","link":"https:\/\/hauleflower.io.vn\/?page_id=47","title":{"rendered":"GI\u1edaI THI\u1ec6U"},"content":{"rendered":"<h1 data-start=\"122\" data-end=\"145\">\ud83c\udf38 H\u1ea4U L\u00ca FLOWER \ud83c\udf38<\/h1>\n<p><img decoding=\"async\" src=\"https:\/\/i.pinimg.com\/736x\/91\/c5\/5f\/91c55f8d72750f2516055db8ed144df4.jpg\" alt=\"H\u00ecnh \u1ea3nh Ghim c\u00e2u chuy\u1ec7n\" \/><\/p>\n<h3 data-start=\"146\" data-end=\"206\">Hoa t\u01b0\u01a1i m\u1ed7i ng\u00e0y \u2013 G\u1eedi tr\u1ecdn y\u00eau th\u01b0\u01a1ng t\u1eeb H\u1ea5u L\u00ea Flower<\/h3>\n<p data-start=\"208\" data-end=\"461\">Gi\u1eefa nh\u1ecbp s\u1ed1ng h\u1ed1i h\u1ea3, \u0111\u00f4i khi ch\u1ec9 c\u1ea7n m\u1ed9t b\u00f3 hoa t\u01b0\u01a1i c\u0169ng \u0111\u1ee7 l\u00e0m b\u1eebng s\u00e1ng c\u1ea3 m\u1ed9t ng\u00e0y. <strong data-start=\"298\" data-end=\"315\">H\u1ea4U L\u00ca FLOWER<\/strong> ra \u0111\u1eddi v\u1edbi mong mu\u1ed1n tr\u1edf th\u00e0nh c\u1ea7u n\u1ed1i y\u00eau th\u01b0\u01a1ng \u2013 n\u01a1i m\u1ed7i c\u00e1nh hoa kh\u00f4ng ch\u1ec9 \u0111\u1eb9p m\u00e0 c\u00f2n mang theo c\u1ea3m x\u00fac ch\u00e2n th\u00e0nh v\u00e0 nh\u1eefng l\u1eddi ch\u01b0a k\u1ecbp n\u00f3i.<\/p>\n<h2 data-start=\"463\" data-end=\"490\">\ud83c\udf37 S\u1ee9 m\u1ec7nh c\u1ee7a ch\u00fang t\u00f4i<\/h2>\n<p data-start=\"492\" data-end=\"534\">T\u1ea1i <strong data-start=\"496\" data-end=\"513\">H\u1ea4U L\u00ca FLOWER<\/strong>, ch\u00fang t\u00f4i tin r\u1eb1ng:<\/p>\n<blockquote data-start=\"536\" data-end=\"592\">\n<p data-start=\"538\" data-end=\"592\">\u201cHoa kh\u00f4ng ch\u1ec9 \u0111\u1ec3 ng\u1eafm, hoa l\u00e0 ng\u00f4n ng\u1eef c\u1ee7a tr\u00e1i tim.\u201d<\/p>\n<\/blockquote>\n<p data-start=\"594\" data-end=\"839\">V\u00ec th\u1ebf, t\u1eebng s\u1ea3n ph\u1ea9m \u0111\u1ec1u \u0111\u01b0\u1ee3c tuy\u1ec3n ch\u1ecdn k\u1ef9 l\u01b0\u1ee1ng t\u1eeb ngu\u1ed3n hoa t\u01b0\u01a1i ch\u1ea5t l\u01b0\u1ee3ng, c\u1eafm b\u1eb1ng t\u1ea5t c\u1ea3 s\u1ef1 tinh t\u1ebf v\u00e0 \u0111am m\u00ea c\u1ee7a \u0111\u1ed9i ng\u0169 florist. M\u1ed7i b\u00f3 hoa trao \u0111i l\u00e0 m\u1ed9t c\u00e2u chuy\u1ec7n \u2013 v\u1ec1 t\u00ecnh y\u00eau, t\u00ecnh th\u00e2n, t\u00ecnh b\u1ea1n v\u00e0 c\u1ea3 nh\u1eefng l\u1eddi ch\u00fac t\u1ed1t \u0111\u1eb9p nh\u1ea5t.<\/p>\n<h2 data-start=\"841\" data-end=\"885\">\ud83d\udc90 Hoa t\u01b0\u01a1i m\u1ed7i ng\u00e0y \u2013 Lu\u00f4n m\u1edbi, lu\u00f4n \u0111\u1eb9p<\/h2>\n<p data-start=\"887\" data-end=\"905\">Ch\u00fang t\u00f4i cam k\u1ebft:<\/p>\n<ul data-start=\"906\" data-end=\"1079\">\n<li data-start=\"906\" data-end=\"934\">\n<p data-start=\"908\" data-end=\"934\">\ud83c\udf3c Hoa nh\u1eadp m\u1edbi m\u1ed7i ng\u00e0y<\/p>\n<\/li>\n<li data-start=\"935\" data-end=\"979\">\n<p data-start=\"937\" data-end=\"979\">\ud83c\udf3c Thi\u1ebft k\u1ebf \u0111a d\u1ea1ng, hi\u1ec7n \u0111\u1ea1i v\u00e0 tinh t\u1ebf<\/p>\n<\/li>\n<li data-start=\"980\" data-end=\"1019\">\n<p data-start=\"982\" data-end=\"1019\">\ud83c\udf3c Nh\u1eadn thi\u1ebft k\u1ebf theo y\u00eau c\u1ea7u ri\u00eang<\/p>\n<\/li>\n<li data-start=\"1020\" data-end=\"1079\">\n<p data-start=\"1022\" data-end=\"1079\">\ud83c\udf3c Giao hoa nhanh ch\u00f3ng \u2013 \u0111\u00fang h\u1eb9n \u2013 t\u1eadn tay ng\u01b0\u1eddi nh\u1eadn<\/p>\n<\/li>\n<\/ul>\n<p data-start=\"1081\" data-end=\"1224\">D\u00f9 l\u00e0 sinh nh\u1eadt, k\u1ef7 ni\u1ec7m, khai tr\u01b0\u01a1ng hay \u0111\u01a1n gi\u1ea3n ch\u1ec9 l\u00e0 m\u1ed9t ng\u00e0y b\u1ea1n mu\u1ed1n ai \u0111\u00f3 m\u1ec9m c\u01b0\u1eddi, <strong data-start=\"1173\" data-end=\"1190\">H\u1ea4U L\u00ca FLOWER<\/strong> lu\u00f4n s\u1eb5n s\u00e0ng \u0111\u1ed3ng h\u00e0nh c\u00f9ng b\u1ea1n.<\/p>\n<h2 data-start=\"1226\" data-end=\"1248\">\ud83c\udf39 S\u1ea3n ph\u1ea9m n\u1ed5i b\u1eadt<\/h2>\n<ul data-start=\"1250\" data-end=\"1387\">\n<li data-start=\"1250\" data-end=\"1267\">\n<p data-start=\"1252\" data-end=\"1267\">Hoa sinh nh\u1eadt<\/p>\n<\/li>\n<li data-start=\"1268\" data-end=\"1287\">\n<p data-start=\"1270\" data-end=\"1287\">Hoa khai tr\u01b0\u01a1ng<\/p>\n<\/li>\n<li data-start=\"1288\" data-end=\"1304\">\n<p data-start=\"1290\" data-end=\"1304\">Hoa t\u00ecnh y\u00eau<\/p>\n<\/li>\n<li data-start=\"1305\" data-end=\"1338\">\n<p data-start=\"1307\" data-end=\"1338\">Hoa c\u01b0\u1edbi \u2013 hoa c\u1ea7m tay c\u00f4 d\u00e2u<\/p>\n<\/li>\n<li data-start=\"1339\" data-end=\"1354\">\n<p data-start=\"1341\" data-end=\"1354\">Hoa s\u1ef1 ki\u1ec7n<\/p>\n<\/li>\n<li data-start=\"1355\" data-end=\"1387\">\n<p data-start=\"1357\" data-end=\"1387\">Hoa t\u1eb7ng \u0111\u1ed1i t\u00e1c, kh\u00e1ch h\u00e0ng<\/p>\n<\/li>\n<\/ul>\n<p data-start=\"1389\" data-end=\"1488\">M\u1ed7i thi\u1ebft k\u1ebf \u0111\u1ec1u \u0111\u01b0\u1ee3c ch\u0103m ch\u00fat \u0111\u1ec3 \u0111\u1ea3m b\u1ea3o s\u1ef1 sang tr\u1ecdng, tinh t\u1ebf v\u00e0 ph\u00f9 h\u1ee3p v\u1edbi t\u1eebng d\u1ecbp \u0111\u1eb7c bi\u1ec7t.<\/p>\n<h2 data-start=\"1490\" data-end=\"1522\">\u2764\ufe0f V\u00ec sao ch\u1ecdn H\u1ea4U L\u00ca FLOWER?<\/h2>\n<p data-start=\"1524\" data-end=\"1695\">\u2714 Hoa t\u01b0\u01a1i 100%, b\u1ea3o qu\u1ea3n \u0111\u00fang chu\u1ea9n<br data-start=\"1560\" data-end=\"1563\" \/>\u2714 Gi\u00e1 c\u1ea3 h\u1ee3p l\u00fd \u2013 minh b\u1ea1ch<br data-start=\"1590\" data-end=\"1593\" \/>\u2714 H\u00ecnh \u1ea3nh th\u1eadt 100% s\u1ea3n ph\u1ea9m<br data-start=\"1622\" data-end=\"1625\" \/>\u2714 D\u1ecbch v\u1ee5 ch\u0103m s\u00f3c kh\u00e1ch h\u00e0ng t\u1eadn t\u00e2m<br data-start=\"1662\" data-end=\"1665\" \/>\u2714 Giao h\u00e0ng nhanh trong ng\u00e0y<\/p>\n<hr data-start=\"1697\" data-end=\"1700\" \/>\n<h2 data-start=\"1702\" data-end=\"1765\">\ud83c\udf3c H\u1ea4U L\u00ca FLOWER \u2013 Hoa t\u01b0\u01a1i m\u1ed7i ng\u00e0y, g\u1eedi tr\u1ecdn y\u00eau th\u01b0\u01a1ng \ud83c\udf3c<\/h2>\n<p data-start=\"1767\" data-end=\"1857\">Ch\u00fang t\u00f4i kh\u00f4ng ch\u1ec9 b\u00e1n hoa.<br data-start=\"1795\" data-end=\"1798\" \/>Ch\u00fang t\u00f4i trao \u0111i c\u1ea3m x\u00fac.<br data-start=\"1824\" data-end=\"1827\" \/>Ch\u00fang t\u00f4i g\u1eedi tr\u1ecdn y\u00eau th\u01b0\u01a1ng.<\/p>\n<p data-start=\"1859\" data-end=\"1944\">H\u00e3y \u0111\u1ec3 <strong data-start=\"1866\" data-end=\"1883\">H\u1ea4U L\u00ca FLOWER<\/strong> thay b\u1ea1n n\u00f3i l\u1eddi y\u00eau th\u01b0\u01a1ng \u0111\u1ebfn nh\u1eefng ng\u01b0\u1eddi quan tr\u1ecdng nh\u1ea5t.<\/p>\n","protected":false},"excerpt":{"rendered":"<p>\ud83c\udf38 H\u1ea4U L\u00ca FLOWER \ud83c\udf38 Hoa t\u01b0\u01a1i m\u1ed7i ng\u00e0y \u2013 G\u1eedi tr\u1ecdn y\u00eau th\u01b0\u01a1ng t\u1eeb H\u1ea5u L\u00ea Flower Gi\u1eefa nh\u1ecbp s\u1ed1ng h\u1ed1i h\u1ea3, \u0111\u00f4i khi ch\u1ec9 c\u1ea7n m\u1ed9t b\u00f3 hoa t\u01b0\u01a1i c\u0169ng \u0111\u1ee7 l\u00e0m b\u1eebng s\u00e1ng c\u1ea3 m\u1ed9t ng\u00e0y. H\u1ea4U L\u00ca FLOWER ra \u0111\u1eddi v\u1edbi mong mu\u1ed1n tr\u1edf th\u00e0nh c\u1ea7u n\u1ed1i y\u00eau th\u01b0\u01a1ng \u2013 n\u01a1i [&#8230;]\n","protected":false},"author":1,"featured_media":0,"parent":0,"menu_order":0,"comment_status":"closed","ping_status":"closed","template":"","meta":{"footnotes":""},"class_list":["post-47","page","type-page","status-publish","hentry"],"yoast_head":"<!-- This site is optimized with the Yoast SEO plugin v27.2 - https:\/\/yoast.com\/product\/yoast-seo-wordpress\/ -->\n<title>GI\u1edaI THI\u1ec6U - H\u1ea5u L\u00ea Flower<\/title>\n<meta name=\"robots\" content=\"index, follow, max-snippet:-1, max-image-preview:large, max-video-preview:-1\" \/>\n<link rel=\"canonical\" href=\"https:\/\/hauleflower.io.vn\/?page_id=47\" \/>\n<meta property=\"og:locale\" content=\"vi_VN\" \/>\n<meta property=\"og:type\" content=\"article\" \/>\n<meta property=\"og:title\" content=\"GI\u1edaI THI\u1ec6U - H\u1ea5u L\u00ea Flower\" \/>\n<meta property=\"og:description\" content=\"\ud83c\udf38 H\u1ea4U L\u00ca FLOWER \ud83c\udf38 Hoa t\u01b0\u01a1i m\u1ed7i ng\u00e0y \u2013 G\u1eedi tr\u1ecdn y\u00eau th\u01b0\u01a1ng t\u1eeb H\u1ea5u L\u00ea Flower Gi\u1eefa nh\u1ecbp s\u1ed1ng h\u1ed1i h\u1ea3, \u0111\u00f4i khi ch\u1ec9 c\u1ea7n m\u1ed9t b\u00f3 hoa t\u01b0\u01a1i c\u0169ng \u0111\u1ee7 l\u00e0m b\u1eebng s\u00e1ng c\u1ea3 m\u1ed9t ng\u00e0y. H\u1ea4U L\u00ca FLOWER ra \u0111\u1eddi v\u1edbi mong mu\u1ed1n tr\u1edf th\u00e0nh c\u1ea7u n\u1ed1i y\u00eau th\u01b0\u01a1ng \u2013 n\u01a1i [...]\" \/>\n<meta property=\"og:url\" content=\"https:\/\/hauleflower.io.vn\/?page_id=47\" \/>\n<meta property=\"og:site_name\" content=\"H\u1ea5u L\u00ea Flower\" \/>\n<meta property=\"article:modified_time\" content=\"2026-03-04T14:06:55+00:00\" \/>\n<meta property=\"og:image\" content=\"https:\/\/i.pinimg.com\/736x\/91\/c5\/5f\/91c55f8d72750f2516055db8ed144df4.jpg\" \/>\n<meta name=\"twitter:card\" content=\"summary_large_image\" \/>\n<meta name=\"twitter:label1\" content=\"\u01af\u1edbc t\u00ednh th\u1eddi gian \u0111\u1ecdc\" \/>\n\t<meta name=\"twitter:data1\" content=\"3 ph\u00fat\" \/>\n<script type=\"application\/ld+json\" class=\"yoast-schema-graph\">{\"@context\":\"https:\/\/schema.org\",\"@graph\":[{\"@type\":\"WebPage\",\"@id\":\"https:\/\/hauleflower.io.vn\/?page_id=47\",\"url\":\"https:\/\/hauleflower.io.vn\/?page_id=47\",\"name\":\"GI\u1edaI THI\u1ec6U - H\u1ea5u L\u00ea Flower\",\"isPartOf\":{\"@id\":\"https:\/\/hauleflower.io.vn\/#website\"},\"primaryImageOfPage\":{\"@id\":\"https:\/\/hauleflower.io.vn\/?page_id=47#primaryimage\"},\"image\":{\"@id\":\"https:\/\/hauleflower.io.vn\/?page_id=47#primaryimage\"},\"thumbnailUrl\":\"https:\/\/i.pinimg.com\/736x\/91\/c5\/5f\/91c55f8d72750f2516055db8ed144df4.jpg\",\"datePublished\":\"2026-01-28T13:05:45+00:00\",\"dateModified\":\"2026-03-04T14:06:55+00:00\",\"breadcrumb\":{\"@id\":\"https:\/\/hauleflower.io.vn\/?page_id=47#breadcrumb\"},\"inLanguage\":\"vi\",\"potentialAction\":[{\"@type\":\"ReadAction\",\"target\":[\"https:\/\/hauleflower.io.vn\/?page_id=47\"]}]},{\"@type\":\"ImageObject\",\"inLanguage\":\"vi\",\"@id\":\"https:\/\/hauleflower.io.vn\/?page_id=47#primaryimage\",\"url\":\"https:\/\/i.pinimg.com\/736x\/91\/c5\/5f\/91c55f8d72750f2516055db8ed144df4.jpg\",\"contentUrl\":\"https:\/\/i.pinimg.com\/736x\/91\/c5\/5f\/91c55f8d72750f2516055db8ed144df4.jpg\"},{\"@type\":\"BreadcrumbList\",\"@id\":\"https:\/\/hauleflower.io.vn\/?page_id=47#breadcrumb\",\"itemListElement\":[{\"@type\":\"ListItem\",\"position\":1,\"name\":\"Trang ch\u1ee7\",\"item\":\"https:\/\/hauleflower.io.vn\/\"},{\"@type\":\"ListItem\",\"position\":2,\"name\":\"GI\u1edaI THI\u1ec6U\"}]},{\"@type\":\"WebSite\",\"@id\":\"https:\/\/hauleflower.io.vn\/#website\",\"url\":\"https:\/\/hauleflower.io.vn\/\",\"name\":\"H\u1ea5u L\u00ea Flower\",\"description\":\"\",\"potentialAction\":[{\"@type\":\"SearchAction\",\"target\":{\"@type\":\"EntryPoint\",\"urlTemplate\":\"https:\/\/hauleflower.io.vn\/?s={search_term_string}\"},\"query-input\":{\"@type\":\"PropertyValueSpecification\",\"valueRequired\":true,\"valueName\":\"search_term_string\"}}],\"inLanguage\":\"vi\"}]}<\/script>\n<!-- \/ Yoast SEO plugin. -->","yoast_head_json":{"title":"GI\u1edaI THI\u1ec6U - H\u1ea5u L\u00ea Flower","robots":{"index":"index","follow":"follow","max-snippet":"max-snippet:-1","max-image-preview":"max-image-preview:large","max-video-preview":"max-video-preview:-1"},"canonical":"https:\/\/hauleflower.io.vn\/?page_id=47","og_locale":"vi_VN","og_type":"article","og_title":"GI\u1edaI THI\u1ec6U - H\u1ea5u L\u00ea Flower","og_description":"\ud83c\udf38 H\u1ea4U L\u00ca FLOWER \ud83c\udf38 Hoa t\u01b0\u01a1i m\u1ed7i ng\u00e0y \u2013 G\u1eedi tr\u1ecdn y\u00eau th\u01b0\u01a1ng t\u1eeb H\u1ea5u L\u00ea Flower Gi\u1eefa nh\u1ecbp s\u1ed1ng h\u1ed1i h\u1ea3, \u0111\u00f4i khi ch\u1ec9 c\u1ea7n m\u1ed9t b\u00f3 hoa t\u01b0\u01a1i c\u0169ng \u0111\u1ee7 l\u00e0m b\u1eebng s\u00e1ng c\u1ea3 m\u1ed9t ng\u00e0y. H\u1ea4U L\u00ca FLOWER ra \u0111\u1eddi v\u1edbi mong mu\u1ed1n tr\u1edf th\u00e0nh c\u1ea7u n\u1ed1i y\u00eau th\u01b0\u01a1ng \u2013 n\u01a1i [...]","og_url":"https:\/\/hauleflower.io.vn\/?page_id=47","og_site_name":"H\u1ea5u L\u00ea Flower","article_modified_time":"2026-03-04T14:06:55+00:00","og_image":[{"url":"https:\/\/i.pinimg.com\/736x\/91\/c5\/5f\/91c55f8d72750f2516055db8ed144df4.jpg","type":"","width":"","height":""}],"twitter_card":"summary_large_image","twitter_misc":{"\u01af\u1edbc t\u00ednh th\u1eddi gian \u0111\u1ecdc":"3 ph\u00fat"},"schema":{"@context":"https:\/\/schema.org","@graph":[{"@type":"WebPage","@id":"https:\/\/hauleflower.io.vn\/?page_id=47","url":"https:\/\/hauleflower.io.vn\/?page_id=47","name":"GI\u1edaI THI\u1ec6U - H\u1ea5u L\u00ea Flower","isPartOf":{"@id":"https:\/\/hauleflower.io.vn\/#website"},"primaryImageOfPage":{"@id":"https:\/\/hauleflower.io.vn\/?page_id=47#primaryimage"},"image":{"@id":"https:\/\/hauleflower.io.vn\/?page_id=47#primaryimage"},"thumbnailUrl":"https:\/\/i.pinimg.com\/736x\/91\/c5\/5f\/91c55f8d72750f2516055db8ed144df4.jpg","datePublished":"2026-01-28T13:05:45+00:00","dateModified":"2026-03-04T14:06:55+00:00","breadcrumb":{"@id":"https:\/\/hauleflower.io.vn\/?page_id=47#breadcrumb"},"inLanguage":"vi","potentialAction":[{"@type":"ReadAction","target":["https:\/\/hauleflower.io.vn\/?page_id=47"]}]},{"@type":"ImageObject","inLanguage":"vi","@id":"https:\/\/hauleflower.io.vn\/?page_id=47#primaryimage","url":"https:\/\/i.pinimg.com\/736x\/91\/c5\/5f\/91c55f8d72750f2516055db8ed144df4.jpg","contentUrl":"https:\/\/i.pinimg.com\/736x\/91\/c5\/5f\/91c55f8d72750f2516055db8ed144df4.jpg"},{"@type":"BreadcrumbList","@id":"https:\/\/hauleflower.io.vn\/?page_id=47#breadcrumb","itemListElement":[{"@type":"ListItem","position":1,"name":"Trang ch\u1ee7","item":"https:\/\/hauleflower.io.vn\/"},{"@type":"ListItem","position":2,"name":"GI\u1edaI THI\u1ec6U"}]},{"@type":"WebSite","@id":"https:\/\/hauleflower.io.vn\/#website","url":"https:\/\/hauleflower.io.vn\/","name":"H\u1ea5u L\u00ea Flower","description":"","potentialAction":[{"@type":"SearchAction","target":{"@type":"EntryPoint","urlTemplate":"https:\/\/hauleflower.io.vn\/?s={search_term_string}"},"query-input":{"@type":"PropertyValueSpecification","valueRequired":true,"valueName":"search_term_string"}}],"inLanguage":"vi"}]}},"_links":{"self":[{"href":"https:\/\/hauleflower.io.vn\/index.php?rest_route=\/wp\/v2\/pages\/47","targetHints":{"allow":["GET"]}}],"collection":[{"href":"https:\/\/hauleflower.io.vn\/index.php?rest_route=\/wp\/v2\/pages"}],"about":[{"href":"https:\/\/hauleflower.io.vn\/index.php?rest_route=\/wp\/v2\/types\/page"}],"author":[{"embeddable":true,"href":"https:\/\/hauleflower.io.vn\/index.php?rest_route=\/wp\/v2\/users\/1"}],"replies":[{"embeddable":true,"href":"https:\/\/hauleflower.io.vn\/index.php?rest_route=%2Fwp%2Fv2%2Fcomments&post=47"}],"version-history":[{"count":3,"href":"https:\/\/hauleflower.io.vn\/index.php?rest_route=\/wp\/v2\/pages\/47\/revisions"}],"predecessor-version":[{"id":252,"href":"https:\/\/hauleflower.io.vn\/index.php?rest_route=\/wp\/v2\/pages\/47\/revisions\/252"}],"wp:attachment":[{"href":"https:\/\/hauleflower.io.vn\/index.php?rest_route=%2Fwp%2Fv2%2Fmedia&parent=47"}],"curies":[{"name":"wp","href":"https:\/\/api.w.org\/{rel}","templated":true}]}}